git of 835100?
5
What is the hundreds digit of 39845?
8
What is the tens digit of 25215927?
2
What is the thousands digit of 2069577?
9
What is the ten thousands digit of 146024?
4
What is the hundred thousands digit of 10511278?
5
What is the hundred thousands digit of 806269?
8
What is the ten thousands digit of 2016557?
1
What is the tens digit of 1022074?
7
What is the hundred thousands digit of 469901?
4
What is the ten thousands digit of 308848?
0
What is the ten thousands digit of 188892?
8
What is the hundred thousands digit of 3762816?
7
What is the millions digit of 1110609?
1
What is the hundreds digit of 5892119?
1
What is the units digit of 797105?
5
What is the units digit of 9671457?
7
What is the ten millions digit of 29431339?
2
What is the units digit of 9032427?
7
What is the hundred thousands digit of 611310?
6
What is the ten thousands digit of 27634903?
3
What is the hundreds digit of 151575?
5
What is the ten thousands digit of 7225728?
2
What is the hundreds digit of 25835344?
3
What is the hundred thousands digit of 234307?
2
What is the thousands digit of 179587?
9
What is the millions digit of 1818420?
1
What is the hundreds digit of 8089186?
1
What is the ten thousands digit of 83881?
8
What is the hundreds digit of 30226015?
0
What is the hundreds digit of 6758197?
1
What is the units digit of 45667?
7
What is the thousands digit of 5013453?
3
What is the thousands digit of 388337?
8
What is the units digit of 1343534?
4
What is the hundreds digit of 1902227?
2
What is the hundreds digit of 5497790?
7
What is the hundred thousands digit of 437051?
4
What is the hundreds digit of 2164347?
3
What is the ten thousands digit of 5774094?
7
What is the ten millions digit of 13685928?
1
What is the thousands digit of 36018?
6
What is the units digit of 3677057?
7
What is the hundred thousands digit of 1406954?
4
What is the ten thousands digit of 11778227?
7
What is the hundred thousands digit of 424681?
4
What is the tens digit of 101469?
6
What is the ten thousands digit of 3697944?
9
What is the millions digit of 1029600?
1
What is the tens digit of 16779?
7
What is the tens digit of 1759461?
6
What is the hundred thousands digit of 3446791?
4
What is the units digit of 762363?
3
What is the hundreds digit of 6431321?
3
What is the tens digit of 3014206?
0
What is the ten thousands digit of 11996506?
9
What is the ten thousands digit of 11180?
1
What is the units digit of 2978352?
2
What is the tens digit of 2124009?
0
What is the units digit of 532?
2
What is the hundred thousands digit of 4941443?
9
What is the ten thousands digit of 515545?
1
What is the tens digit of 3928068?
6
What is the hundred thousands digit of 655610?
6
What is the ten thousands digit of 403352?
0
What is the units digit of 807940?
0
What is the tens digit of 26257812?
1
What is the units digit of 11556575?
5
What is the hundred thousands digit of 416509?
4
What is the thousands digit of 1151132?
1
What is the hundred thousands digit of 251913?
2
What is the units digit of 3129432?
2
What is the units digit of 172964?
4
What is the tens digit of 482726?
2
What is the ten millions digit of 36583541?
3
What is the hundred thousands digit of 3992979?
9
What is the hundreds digit of 3593192?
1
What is the units digit of 2254087?
7
What is the units digit of 554206?
6
What is the thousands digit of 14016988?
6
What is the millions digit of 4847276?
4
What is the thousands digit of 407460?
7
What is the thousands digit of 5780853?
0
What is the hundred thousands digit of 313874?
3
What is the units digit of 1675171?
1
What is the ten thousands digit of 4740387?
4
What is the ten thousands digit of 541655?
4
What is the millions digit of 2145344?
2
What is the thousands digit of 1383346?
3
What is the tens digit of 29119305?
0
What is the hundred thousands digit of 5118590?
1
What is the units digit of 20560246?
6
What is the hundred thousands digit of 371946?
3
What is the units digit of 418776?
6
What is the hundreds digit of 125285?
2
What is the units digit of 362950?
0
What is the thousands digit of 5138075?
8
What is the hundred thousands digit of 34727867?
7
What is the hundreds digit of 727883?
8
What is the hundred thousands digit of 4405425?
4
What is the tens digit of 6951698?
9
What is the thousands digit of 9172966?
2
What is the hundred thousands digit of 745865?
7
What is the millions digit of 22854723?
2
What is the hundreds digit of 27925?
9
What is the units digit of 99127?
7
What is the units digit of 35669122?
2
What is the hundred thousands digit of 232540?
2
What is the ten thousands digit of 2211059?
1
What is the hundred thousands digit of 4120631?
1
What is the ten thousands digit of 330756?
3
What is the hundred thousands digit of 578872?
5
What is the units digit of 2641596?
6
What is the hundred thousands digit of 4641350?
6
What is the tens digit of 1493347?
4
What is the ten thousands digit of 2038656?
3
What is the hundred thousands digit of 773889?
7
What is the millions digit of 4105973?
4
What is the units digit of 693068?
8
What is the hundreds digit of 436788?
7
What is the ten thousands digit of 471592?
7
What is the millions digit of 1517194?
1
What is the hundreds digit of 16330?
3
What is the millions digit of 1092246?
1
What is the hundred thousands digit of 374549?
3
What is the hundreds digit of 81731?
7
What is the hundreds digit of 12519?
5
What is the hundred thousands digit of 27409872?
4
What is the thousands digit of 96272?
6
What is the thousands digit of 737916?
7
What is the thousands digit of 49788?
9
What is the tens digit of 852782?
8
What is the hundreds digit of 25629916?
9
What is the hundreds digit of 7962520?
5
What is the units digit of 580641?
1
What is the tens digit of 312859?
5
What is the tens digit of 1244081?
8
What is the hundred thousands digit of 803546?
8
What is the millions digit of 2778860?
2
What is the ten millions digit of 20033249?
2
What is the units digit of 1235067?
7
What is the tens digit of 272910?
1
What is the ten millions digit of 15062544?
1
What is the units digit of 4346180?
0
What is the tens digit of 1113759?
5
What is the tens digit of 345877?
7
What is the thousands digit of 85411?
5
What is the tens digit of 15255?
5
What is the units digit of 25490892?
2
What is the tens digit of 254897?
9
What is the hundred thousands digit of 873382?
8
What is the units digit of 6981359?
9
What is the ten thousands digit of 27275?
2
What is the tens digit of 1927474?
7
What is the units digit of 28382370?
0
What is the thousands digit of 8293?
8
What is the ten thousands digit of 185177?
8
What is the hundred thousands digit of 218304?
2
What is the hundred thousands digit of 1490057?
4
What is the hundred thousands digit of 8630276?
6
What is the ten thousands digit of 747864?
4
What is the units digit of 695765?
5
What is the hundred thousands digit of 122852?
1
What is the units digit of 4986465?
5
What is the ten thousands digit of 604299?
0
What is the units digit of 63031?
1
What is the tens digit of 1288403?
0
What is the thousands digit of 169347?
9
What is the hundred thousands digit of 181857?
1
What is the units digit of 97431?
1
What is the ten thousands digit of 95172?
9
What is the hundreds digit of 31711?
7
What is the hundred thousands digit of 212172?
2
What is the tens digit of 1673922?
2
What is the millions digit of 4235411?
4
What is the millions digit of 5080313?
5
What is the millions digit of 8741639?
8
What is the units digit of 2485048?
8
What is the tens digit of 182694?
9
What is the units digit of 33430?
0
What is the hundreds digit of 897193?
1
What is the units digit of 9899017?
7
What is the ten thousands digit of 288947?
8
What is the tens digit of 12943?
4
What is the units digit of 60188?
8
What is the ten thousands digit of 81273?
8
What is the ten thousands digit of 17542771?
4
What is the hundreds digit of 6432159?
1
What is the ten thousands digit of 87542?
8
What is the units digit of 10892328?
8
What is the millions digit of 1060455?
1
What is the ten thousands digit of 231944?
3
What is the hundred thousands digit of 512420?
5
What is the hundred thousands digit of 1078051?
0
What is the thousands digit of 18031?
8
What is